 prime factors of r?
2, 5
Suppose b - u - 257 = 0, -2*b + 490 = 9*u - 5*u. What are the prime factors of b?
11, 23
Suppose v + 0*v - 12 = 3*w, -17 = w + 4*v. Let i(c) be the third derivative of c**5/30 + 7*c**4/24 + 7*c**3/6 - 27*c**2. List the prime factors of i(w).
2, 11
Suppose 17*p - 1323 = 6055. List the prime factors of p.
2, 7, 31
Suppose 5*w = 3*n - 581, -n + 2*w - 6*w + 222 = 0. Suppose 5*l + 2*q + 346 = 0, 2*q + n = -3*l - 2*q. Let i = -39 - l. List the prime factors of i.
31
Let p = 111 + -3. Let f = -60 + p. What are the prime factors of f?
2, 3
Suppose -9*w - 42 = -13*w + 3*g, 3*g = -w + 18. What are the prime factors of w?
2, 3
Let p(c) = -157*c - 427. List the prime factors of p(-12).
31, 47
What are the prime factors of 687/(370/560 - (-4)/(-14))?
2, 229
Suppose 0 = 2*c - 4 + 8. Let r(o) = o**2 + 2*o + 3. Let l be r(c). Suppose a + l*a - 52 = 0. What are the prime factors of a?
13
Let g be (-54)/12 + 6/(-4). Let m be (-8)/(-16) - g/(-4). Let c = 12 - m. What are the prime factors of c?
13
Let k = -18 - 0. Let g be 1848/k - (-2)/(-6). Let z = 149 + g. List the prime factors of z.
2, 23
Let z(r) = -2*r + 24. Let c be 3/9 - (-58)/6. Let i be z(c). Suppose i*j - 92 = 60. What are the prime factors of j?
2, 19
Let o = 365 - 260. Let b = o - 42. What are the prime factors of b?
3, 7
Suppose -20*l = -15*l + 15. What are the prime factors of ((-1)/l)/((-3 - -7)/324)?
3
Suppose 18*j = -10195 + 44179. What are the prime factors of j?
2, 59
Let m(q) = 4*q + 150. What are the prime factors of m(21)?
2, 3, 13
Let c be (-40)/10 + 19*1. Suppose 0 = -4*o + c - 11. What are the prime factors of (-51)/(-9)*3 + o?
2, 3
What are the prime factors of 602758/97 - (-20)/(-2)?
2, 3, 11, 47
Let o = -880 - -1600. List the prime factors of o.
2, 3, 5
Suppose 5*z - z - 3*w = -3, w = z + 1. Suppose -4*q + 0*q = -3*b + 284, 0 = -4*b - 4*q + 416. Suppose z = -2*m + 48 + b. List the prime factors of m.
2, 37
Let c(m) = -m**3 - 36*m**2 - 86*m + 82. What are the prime factors of c(-35)?
1867
Let u = -28 + 65. Suppose -56 - u = -3*o. What are the prime factors of o?
31
Let q(h) = 6*h**3 + 7*h**2 + 3*h - 9. List the prime factors of q(6).
3, 173
Let o(j) = 37*j - 7. Let h(k) = -18*k + 4. Suppose 4*z + 16 = -m, -4*z + z + m - 5 = 0. Let x(n) = z*o(n) - 5*h(n). What are the prime factors of x(-1)?
2, 11
Let y(c) = 134*c**2 - 2. Suppose -5*r = i - 24, 3*i - 4*r + r + 18 = 0. List the prime factors of y(i).
2, 3, 11
Suppose 2*w + f - 9 = 0, 2*w = -0*w - 3*f + 15. Suppose -2*n - 2*y + 138 = 0, -3*n + 6*n - w*y = 201. List the prime factors of n.
2, 17
Suppose -c - 443 = -1738. Suppose -19*j + 24*j - c = 0. What are the prime factors of j?
7, 37
Let r(q) be the third derivative of -q**4/4 - 5*q**3/6 - 10*q**2. List the prime factors of r(-4).
19
Let z(u) = 4*u**2 - 34*u - 41. Let i be z(18). Suppose -4*w + 0*w + i = 3*f, 4*w = f - 209. What are the prime factors of f?
3, 71
What are the prime factors of 684/(-15)*(-16 + -14)?
2, 3, 19
Suppose -2*a - 4*f + 76 = 0, 2*a + f = 4*a - 101. List the prime factors of (-1)/8 - (-198)/a.
2
Suppose 3*s + 33 = 2*r, 5*s + 59 = -0*r + 2*r. Let u = s + 30. What are the prime factors of u?
17
Suppose -20*t + 29302 - 802 = 0. What are the prime factors of t?
3, 5, 19
Let b be -6*(6/45)/(1/(-5)). Suppose -2 = -2*j, -y + 1406 = b*y - 4*j. List the prime factors of y.
2, 3, 47
List the prime factors of (-9276)/(-20) + 16/(-20).
463
Suppose 12*w = 4*w + 64. Let q = 21 - w. List the prime factors of q.
13
Suppose -4*m + 521 = -1143. List the prime factors of m.
2, 13
Let g(k) = -k**2 - 6*k - 2. Let a be g(-6). Let z = a + 4. Suppose z*t = -4*c - t + 171, 3*t - 87 = -2*c. List the prime factors of c.
2, 3, 7
Let m = -4834 + 7129. What are the prime factors of m?
3, 5, 17
Let k = 20 - -110. What are the prime factors of k?
2, 5, 13
Let o(w) = -7*w + 3. Let j be o(3). Let g be 5/((-20)/56) - -1. Let r = g - j. List the prime factors of r.
5
Let d(q) = -2*q**2 + q + 2. Let n be d(0). Suppose -5*y - 10 = 5*z - 40, 18 = n*z + 4*y. Suppose -v = -z*v + 40. List the prime factors of v.
2, 5
Let o be (-9)/((-45)/40) + -3. Suppose -58 - 417 = -o*b. List the prime factors of b.
5, 19
Let r(t) = -t**2 + 16*t - 17. Let v be r(15). Let x be 54/(0/(-2) - v). Suppose x*a - 28*a = -70. What are the prime factors of a?
2, 5, 7
Suppose 4*k - 162 = -2*k. Let n = 96 - k. What are the prime factors of n?
3, 23
Let y = 335 + 76. Let d = y - 236. What are the prime factors of d?
5, 7
Let f(l) = l**3 - 55*l**2 - 141*l - 7. What are the prime factors of f(58)?
1907
Suppose -5*n = -3*n + 3*k - 2717, -3*k = -3*n + 4068. List the prime factors of n.
23, 59
Let u(z) = z + 19. Let a be u(0). Suppose 21 = -2*s - a. Let g = s - -77. What are the prime factors of g?
3, 19
Let n = -26 - -13. Let x(a) = a**2 + 11*a - 6. List the prime factors of x(n).
2, 5
Let q = -1716 + 2435. List the prime factors of q.
719
Let q = 55 + -23. Suppose -4*c = -4*u + q, -2*u - c + 5 = 1. List the prime factors of u.
2
Let h be 40/(-15)*(-6)/4. Suppose 7*i - h*y = 2*i - 123, 2*i + 4*y + 38 = 0. What are the prime factors of (-18)/9*i/2?
23
Suppose 5*b = 3*a - 2504, -2*a + 1432 = b - 233. List the prime factors of a.
7, 17
Suppose x + 5*q - 24 = 0, 5*x + 2*q + 3*q = 60. Let z = x + -12. List the prime factors of z + (-1 - 3*-8).
2, 5
Let j = -13 + 16. Suppose -y + 17 + j = 0. List the prime factors of y/(-10) + -1 + 27.
2, 3
Suppose -k + 24 + 9 = 0. Suppose -k - 21 = -3*d. List the prime factors of d.
2, 3
Let h = 10 - 2. Let d(k) = k**3 - 5*k**2 - 16*k - 2. What are the prime factors of d(h)?
2, 31
Let o(t) = t - 9. Let v be o(7). Let i = v + 6. Suppose -i*u = -0*g - 5*g + 20, 0 = 2*g - 3*u - 1. List the prime factors of g.
2
Suppose -5*r + 2*j + 19 + 2 = 0, 0 = -2*j - 6. Suppose -r*u - k + 130 = -u, -u - 4*k + 51 = 0. What are the prime factors of u?
67
Let r = 9 - 7. Let t(i) = 16*i**3 - 2*i**2 + 3*i - 2. Let s be t(r). Suppose -2*y + s = 2*y. List the prime factors of y.
31
Suppose -24487 = 19*d - 100753. List the prime factors of d.
2, 3, 223
Suppose t - 17 + 7 = -3*s, 4*t - 68 = 2*s. Let r(v) = 4*v - 25. What are the prime factors of r(t)?
3, 13
Suppose -13*s + 8*s + 3685 = 0. What are the prime factors of s?
11, 67
Let m(r) = -r**3 + 12*r**2 + 12*r + 13. Let d be 580/44 + 4/(-22). Let n be m(d). Suppose n = -k + 4*k - 33. What are the prime factors of k?
11
Suppose -225 + 81 = w + 3*c, 4*w + 608 = 4*c. Let z = w + 226. What are the prime factors of z?
2, 19
Let h be 15 - (3 - 6) - 2. Suppose h*b - 19*b = -123. List the prime factors of b.
41
Suppose -31 = -4*n + 69. Let u = 30 - n. What are the prime factors of u?
5
Let q = -31 + 31. Suppose -3*r + 3*u + q*u + 66 = 0, 5*u - 10 = 0. What are the prime factors of r?
2, 3
Let z(s) = -s**3 + s**2 + 2*s + 65. Let m = 34 + -34. List the prime factors of z(m).
5, 13
Let a(v) = -28*v**2 - 2*v - 1. Let h be a(-1). Let t be 6/h + (-14)/18. What are the prime factors of -3*t*(-12)/(-4)?
3
Let p(i) = 11*i**2 - 2*i + 1. What are the prime factors of p(-2)?
7
Let h be (4 - -1)*2/5. Let r(b) = -h*b**3 + 0*b - 2*b**2 + 5*b - 1 + 4*b**2 - b**2. What are the prime factors of r(-3)?
47
Let q(o) = -3*o + o - 1 - 4. Let h be q(-4). Suppose -h*j + 4*w + 137 = 0, -5*j + 5*w + 116 + 104 = 0. List the prime factors of j.
3, 13
Suppose 0 = 5*m - 1376 - 5439. List the prime factors of m.
29, 47
Let s be ((-285)/(-35) - 6) + 2/(-14). Suppose -5*b - 73 = s*g - 1196, 1099 = 5*b - 4*g. What are the prime factors of b?
223
Let z(r) = r + 12. Let o be z(-9). Suppose -4*f + 3*i = -71, 0*f + f = o*i + 20. List the prime factors of (f + -2)/(12/20).
5
Let f(b) = b**2 - 3*b + 3. Let m be f(3). Suppose 98 = m*z - 127. List the prime factors of z.
3, 5
Let f(x) = 2*x**3 + 33*x**2 - 26*x + 13. What are the prime factors of f(-17)?
2, 83
Suppose 3*z + 3*a - 18 = 0, 0 = -5*z - 0*a - 3*a + 24. Suppose -z*w - 5*m = -22, 0 = w - m - 4*m - 14. What are the prime factors of w?
3
Let z be ((-4)/(-8))/(2/(-56)). Let d = z - -34. What are the prime factors of d?
2, 5
Let s(a) = 3*a**2 + 7*a - 74. What are the prime factors of s(19)?
2, 571
Let i = -429 + 780. List the prime factors of i.
3, 13
Let r(z) be the second derivative of z**4/12 + 5*z**2/2 + 3*z. Let p(u) = u**3 - u**2 - 4*u